{"id":74,"date":"2025-08-18T06:37:20","date_gmt":"2025-08-18T06:37:20","guid":{"rendered":"https:\/\/hrj-security.fi\/?page_id=74"},"modified":"2025-10-13T14:15:43","modified_gmt":"2025-10-13T14:15:43","slug":"kuvagalleria","status":"publish","type":"page","link":"https:\/\/hrj-security.fi\/index.php\/kuvagalleria\/","title":{"rendered":"Kuvagalleria"},"content":{"rendered":"\n<figure class=\"wp-block-gallery has-nested-images columns-default is-cropped wp-block-gallery-1 is-layout-flex wp-block-gallery-is-layout-flex\">\n<figure class=\"wp-block-image size-large\"><img loading=\"lazy\" decoding=\"async\" width=\"768\" height=\"1024\" data-id=\"146\" src=\"https:\/\/hrj-security.fi\/wp-content\/uploads\/2025\/09\/IMG-20250531-WA0009-1-768x1024.jpg\" alt=\"\" class=\"wp-image-146\" srcset=\"https:\/\/hrj-security.fi\/wp-content\/uploads\/2025\/09\/IMG-20250531-WA0009-1-768x1024.jpg 768w, https:\/\/hrj-security.fi\/wp-content\/uploads\/2025\/09\/IMG-20250531-WA0009-1-225x300.jpg 225w, https:\/\/hrj-security.fi\/wp-content\/uploads\/2025\/09\/IMG-20250531-WA0009-1-1152x1536.jpg 1152w, https:\/\/hrj-security.fi\/wp-content\/uploads\/2025\/09\/IMG-20250531-WA0009-1.jpg 1200w\" sizes=\"auto, (max-width: 768px) 100vw, 768px\" \/><\/figure>\n<\/figure>\n\n\n\n<p>Kes\u00e4 2025<\/p>\n\n\n\n<figure class=\"wp-block-image size-large is-resized\"><img loading=\"lazy\" decoding=\"async\" width=\"767\" height=\"1024\" src=\"https:\/\/hrj-security.fi\/wp-content\/uploads\/2025\/09\/IMG-20250719-WA0020-767x1024.jpg\" alt=\"\" class=\"wp-image-144\" style=\"width:658px;height:auto\" srcset=\"https:\/\/hrj-security.fi\/wp-content\/uploads\/2025\/09\/IMG-20250719-WA0020-767x1024.jpg 767w, https:\/\/hrj-security.fi\/wp-content\/uploads\/2025\/09\/IMG-20250719-WA0020-225x300.jpg 225w, https:\/\/hrj-security.fi\/wp-content\/uploads\/2025\/09\/IMG-20250719-WA0020-768x1026.jpg 768w, https:\/\/hrj-security.fi\/wp-content\/uploads\/2025\/09\/IMG-20250719-WA0020-1150x1536.jpg 1150w, https:\/\/hrj-security.fi\/wp-content\/uploads\/2025\/09\/IMG-20250719-WA0020.jpg 1198w\" sizes=\"auto, (max-width: 767px) 100vw, 767px\" \/><\/figure>\n\n\n\n<p>Ravintola Wonkamies Kes\u00e4 2025<\/p>\n\n\n\n<figure class=\"wp-block-image size-large is-resized\"><img loading=\"lazy\" decoding=\"async\" width=\"768\" height=\"1024\" src=\"https:\/\/hrj-security.fi\/wp-content\/uploads\/2025\/09\/IMG-20250817-WA0000-768x1024.jpg\" alt=\"\" class=\"wp-image-154\" style=\"width:664px;height:auto\" srcset=\"https:\/\/hrj-security.fi\/wp-content\/uploads\/2025\/09\/IMG-20250817-WA0000-768x1024.jpg 768w, https:\/\/hrj-security.fi\/wp-content\/uploads\/2025\/09\/IMG-20250817-WA0000-225x300.jpg 225w, https:\/\/hrj-security.fi\/wp-content\/uploads\/2025\/09\/IMG-20250817-WA0000-1152x1536.jpg 1152w, https:\/\/hrj-security.fi\/wp-content\/uploads\/2025\/09\/IMG-20250817-WA0000.jpg 1200w\" sizes=\"auto, (max-width: 768px) 100vw, 768px\" \/><figcaption class=\"wp-element-caption\">Ravintola Olkkari Korpilahti 2025<\/figcaption><\/figure>\n\n\n\n<figure class=\"wp-block-image size-large is-resized\"><img loading=\"lazy\" decoding=\"async\" width=\"768\" height=\"1024\" src=\"https:\/\/hrj-security.fi\/wp-content\/uploads\/2025\/09\/IMG-20250706-WA0000-1-768x1024.jpg\" alt=\"\" class=\"wp-image-152\" style=\"width:666px;height:auto\" srcset=\"https:\/\/hrj-security.fi\/wp-content\/uploads\/2025\/09\/IMG-20250706-WA0000-1-768x1024.jpg 768w, https:\/\/hrj-security.fi\/wp-content\/uploads\/2025\/09\/IMG-20250706-WA0000-1-225x300.jpg 225w, https:\/\/hrj-security.fi\/wp-content\/uploads\/2025\/09\/IMG-20250706-WA0000-1-1152x1536.jpg 1152w, https:\/\/hrj-security.fi\/wp-content\/uploads\/2025\/09\/IMG-20250706-WA0000-1.jpg 1200w\" sizes=\"auto, (max-width: 768px) 100vw, 768px\" \/><\/figure>\n\n\n\n<p>Ravintola Wonkamies Kes\u00e4 2025<\/p>\n\n\n\n<figure class=\"wp-block-image size-large is-resized\"><img loading=\"lazy\" decoding=\"async\" width=\"1024\" height=\"768\" src=\"https:\/\/hrj-security.fi\/wp-content\/uploads\/2025\/09\/IMG-20250810-WA0005-1024x768.jpg\" alt=\"\" class=\"wp-image-155\" style=\"width:669px;height:auto\" srcset=\"https:\/\/hrj-security.fi\/wp-content\/uploads\/2025\/09\/IMG-20250810-WA0005-1024x768.jpg 1024w, https:\/\/hrj-security.fi\/wp-content\/uploads\/2025\/09\/IMG-20250810-WA0005-300x225.jpg 300w, https:\/\/hrj-security.fi\/wp-content\/uploads\/2025\/09\/IMG-20250810-WA0005-768x576.jpg 768w, https:\/\/hrj-security.fi\/wp-content\/uploads\/2025\/09\/IMG-20250810-WA0005-1536x1152.jpg 1536w, https:\/\/hrj-security.fi\/wp-content\/uploads\/2025\/09\/IMG-20250810-WA0005.jpg 1600w\" sizes=\"auto, (max-width: 1024px) 100vw, 1024px\" \/><\/figure>\n\n\n\n<p>Kotas Ralli 50v  JMK  Kes\u00e4 2025<\/p>\n\n\n\n<figure class=\"wp-block-image size-large is-resized\"><img loading=\"lazy\" decoding=\"async\" width=\"1024\" height=\"768\" src=\"https:\/\/hrj-security.fi\/wp-content\/uploads\/2025\/10\/IMG-20250613-WA0008-1024x768.jpg\" alt=\"\" class=\"wp-image-161\" style=\"width:673px;height:auto\" srcset=\"https:\/\/hrj-security.fi\/wp-content\/uploads\/2025\/10\/IMG-20250613-WA0008-1024x768.jpg 1024w, https:\/\/hrj-security.fi\/wp-content\/uploads\/2025\/10\/IMG-20250613-WA0008-300x225.jpg 300w, https:\/\/hrj-security.fi\/wp-content\/uploads\/2025\/10\/IMG-20250613-WA0008-768x576.jpg 768w, https:\/\/hrj-security.fi\/wp-content\/uploads\/2025\/10\/IMG-20250613-WA0008-1536x1152.jpg 1536w, https:\/\/hrj-security.fi\/wp-content\/uploads\/2025\/10\/IMG-20250613-WA0008.jpg 1600w\" sizes=\"auto, (max-width: 1024px) 100vw, 1024px\" \/><\/figure>\n\n\n\n<p>Camping Nyyss\u00e4nniemi  Kes\u00e4 2025<\/p>\n\n\n\n<figure class=\"wp-block-image size-large is-resized\"><img loading=\"lazy\" decoding=\"async\" width=\"768\" height=\"1024\" src=\"https:\/\/hrj-security.fi\/wp-content\/uploads\/2025\/10\/IMG-20250831-WA0015-768x1024.jpg\" alt=\"\" class=\"wp-image-164\" style=\"width:668px;height:auto\" srcset=\"https:\/\/hrj-security.fi\/wp-content\/uploads\/2025\/10\/IMG-20250831-WA0015-768x1024.jpg 768w, https:\/\/hrj-security.fi\/wp-content\/uploads\/2025\/10\/IMG-20250831-WA0015-225x300.jpg 225w, https:\/\/hrj-security.fi\/wp-content\/uploads\/2025\/10\/IMG-20250831-WA0015-1152x1536.jpg 1152w, https:\/\/hrj-security.fi\/wp-content\/uploads\/2025\/10\/IMG-20250831-WA0015.jpg 1200w\" sizes=\"auto, (max-width: 768px) 100vw, 768px\" \/><\/figure>\n\n\n\n<p>Syksy 2025 Ravintola Wonkamies<\/p>\n\n\n\n<figure class=\"wp-block-image size-large is-resized\"><img loading=\"lazy\" decoding=\"async\" width=\"768\" height=\"1024\" src=\"https:\/\/hrj-security.fi\/wp-content\/uploads\/2025\/10\/IMG-20251011-WA0003-768x1024.jpg\" alt=\"\" class=\"wp-image-166\" style=\"width:674px;height:auto\" srcset=\"https:\/\/hrj-security.fi\/wp-content\/uploads\/2025\/10\/IMG-20251011-WA0003-768x1024.jpg 768w, https:\/\/hrj-security.fi\/wp-content\/uploads\/2025\/10\/IMG-20251011-WA0003-225x300.jpg 225w, https:\/\/hrj-security.fi\/wp-content\/uploads\/2025\/10\/IMG-20251011-WA0003-1152x1536.jpg 1152w, https:\/\/hrj-security.fi\/wp-content\/uploads\/2025\/10\/IMG-20251011-WA0003.jpg 1200w\" sizes=\"auto, (max-width: 768px) 100vw, 768px\" \/><\/figure>\n\n\n\n<p>Ravintola Olkkari Syksy 2025 October<\/p>\n\n\n\n<figure class=\"wp-block-image size-large is-resized\"><img loading=\"lazy\" decoding=\"async\" width=\"864\" height=\"1024\" src=\"https:\/\/hrj-security.fi\/wp-content\/uploads\/2025\/10\/IMG-20251004-WA0023-1-864x1024.jpg\" alt=\"\" class=\"wp-image-168\" style=\"width:674px;height:auto\" srcset=\"https:\/\/hrj-security.fi\/wp-content\/uploads\/2025\/10\/IMG-20251004-WA0023-1-864x1024.jpg 864w, https:\/\/hrj-security.fi\/wp-content\/uploads\/2025\/10\/IMG-20251004-WA0023-1-253x300.jpg 253w, https:\/\/hrj-security.fi\/wp-content\/uploads\/2025\/10\/IMG-20251004-WA0023-1-768x911.jpg 768w, https:\/\/hrj-security.fi\/wp-content\/uploads\/2025\/10\/IMG-20251004-WA0023-1-1295x1536.jpg 1295w, https:\/\/hrj-security.fi\/wp-content\/uploads\/2025\/10\/IMG-20251004-WA0023-1-1727x2048.jpg 1727w\" sizes=\"auto, (max-width: 864px) 100vw, 864px\" \/><\/figure>\n\n\n\n<p>Ravintola Olkkari (Isto Hiltunen) Syksy 2025<\/p>\n\n\n\n<p><\/p>\n","protected":false},"excerpt":{"rendered":"<p>Kes\u00e4 2025 Ravintola Wonkamies Kes\u00e4 2025 Ravintola Wonkamies Kes\u00e4 2025 Kotas Ralli 50v JMK Kes\u00e4 2025 Camping Nyyss\u00e4nniemi Kes\u00e4 2025 Syksy 2025 Ravintola Wonkamies Ravintola Olkkari Syksy 2025 October Ravintola Olkkari (Isto Hiltunen) Syksy 2025<\/p>\n","protected":false},"author":2,"featured_media":0,"parent":0,"menu_order":0,"comment_status":"closed","ping_status":"closed","template":"","meta":{"_themeisle_gutenberg_block_has_review":false,"footnotes":""},"class_list":["post-74","page","type-page","status-publish","hentry"],"yoast_head":"<!-- This site is optimized with the Yoast SEO plugin v27.4 - https:\/\/yoast.com\/product\/yoast-seo-wordpress\/ -->\n<title>Kuvagalleria - HRJ-Security OY<\/title>\n<meta name=\"robots\" content=\"index, follow, max-snippet:-1, max-image-preview:large, max-video-preview:-1\" \/>\n<link rel=\"canonical\" href=\"https:\/\/hrj-security.fi\/index.php\/kuvagalleria\/\" \/>\n<meta property=\"og:locale\" content=\"fi_FI\" \/>\n<meta property=\"og:type\" content=\"article\" \/>\n<meta property=\"og:title\" content=\"Kuvagalleria - HRJ-Security OY\" \/>\n<meta property=\"og:description\" content=\"Kes\u00e4 2025 Ravintola Wonkamies Kes\u00e4 2025 Ravintola Wonkamies Kes\u00e4 2025 Kotas Ralli 50v JMK Kes\u00e4 2025 Camping Nyyss\u00e4nniemi Kes\u00e4 2025 Syksy 2025 Ravintola Wonkamies Ravintola Olkkari Syksy 2025 October Ravintola Olkkari (Isto Hiltunen) Syksy 2025\" \/>\n<meta property=\"og:url\" content=\"https:\/\/hrj-security.fi\/index.php\/kuvagalleria\/\" \/>\n<meta property=\"og:site_name\" content=\"HRJ-Security OY\" \/>\n<meta property=\"article:publisher\" content=\"https:\/\/www.facebook.com\/p\/HRJ-Security-OY-61570346854232\/\" \/>\n<meta property=\"article:modified_time\" content=\"2025-10-13T14:15:43+00:00\" \/>\n<meta property=\"og:image\" content=\"https:\/\/hrj-security.fi\/wp-content\/uploads\/2025\/09\/IMG-20250531-WA0009-1.jpg\" \/>\n\t<meta property=\"og:image:width\" content=\"1200\" \/>\n\t<meta property=\"og:image:height\" content=\"1600\" \/>\n\t<meta property=\"og:image:type\" content=\"image\/jpeg\" \/>\n<meta name=\"twitter:card\" content=\"summary_large_image\" \/>\n<meta name=\"twitter:label1\" content=\"Arvioitu lukuaika\" \/>\n\t<meta name=\"twitter:data1\" content=\"3 minuuttia\" \/>\n<script type=\"application\/ld+json\" class=\"yoast-schema-graph\">{\"@context\":\"https:\\\/\\\/schema.org\",\"@graph\":[{\"@type\":\"WebPage\",\"@id\":\"https:\\\/\\\/hrj-security.fi\\\/index.php\\\/kuvagalleria\\\/\",\"url\":\"https:\\\/\\\/hrj-security.fi\\\/index.php\\\/kuvagalleria\\\/\",\"name\":\"Kuvagalleria - HRJ-Security OY\",\"isPartOf\":{\"@id\":\"https:\\\/\\\/hrj-security.fi\\\/#website\"},\"primaryImageOfPage\":{\"@id\":\"https:\\\/\\\/hrj-security.fi\\\/index.php\\\/kuvagalleria\\\/#primaryimage\"},\"image\":{\"@id\":\"https:\\\/\\\/hrj-security.fi\\\/index.php\\\/kuvagalleria\\\/#primaryimage\"},\"thumbnailUrl\":\"https:\\\/\\\/hrj-security.fi\\\/wp-content\\\/uploads\\\/2025\\\/09\\\/IMG-20250531-WA0009-1-768x1024.jpg\",\"datePublished\":\"2025-08-18T06:37:20+00:00\",\"dateModified\":\"2025-10-13T14:15:43+00:00\",\"breadcrumb\":{\"@id\":\"https:\\\/\\\/hrj-security.fi\\\/index.php\\\/kuvagalleria\\\/#breadcrumb\"},\"inLanguage\":\"fi\",\"potentialAction\":[{\"@type\":\"ReadAction\",\"target\":[\"https:\\\/\\\/hrj-security.fi\\\/index.php\\\/kuvagalleria\\\/\"]}]},{\"@type\":\"ImageObject\",\"inLanguage\":\"fi\",\"@id\":\"https:\\\/\\\/hrj-security.fi\\\/index.php\\\/kuvagalleria\\\/#primaryimage\",\"url\":\"https:\\\/\\\/hrj-security.fi\\\/wp-content\\\/uploads\\\/2025\\\/09\\\/IMG-20250531-WA0009-1.jpg\",\"contentUrl\":\"https:\\\/\\\/hrj-security.fi\\\/wp-content\\\/uploads\\\/2025\\\/09\\\/IMG-20250531-WA0009-1.jpg\",\"width\":1200,\"height\":1600},{\"@type\":\"BreadcrumbList\",\"@id\":\"https:\\\/\\\/hrj-security.fi\\\/index.php\\\/kuvagalleria\\\/#breadcrumb\",\"itemListElement\":[{\"@type\":\"ListItem\",\"position\":1,\"name\":\"Etusivu\",\"item\":\"https:\\\/\\\/hrj-security.fi\\\/\"},{\"@type\":\"ListItem\",\"position\":2,\"name\":\"Kuvagalleria\"}]},{\"@type\":\"WebSite\",\"@id\":\"https:\\\/\\\/hrj-security.fi\\\/#website\",\"url\":\"https:\\\/\\\/hrj-security.fi\\\/\",\"name\":\"HRJ-Security OY\",\"description\":\"J\u00e4rjestyksenvalvonta palvelut\",\"potentialAction\":[{\"@type\":\"SearchAction\",\"target\":{\"@type\":\"EntryPoint\",\"urlTemplate\":\"https:\\\/\\\/hrj-security.fi\\\/?s={search_term_string}\"},\"query-input\":{\"@type\":\"PropertyValueSpecification\",\"valueRequired\":true,\"valueName\":\"search_term_string\"}}],\"inLanguage\":\"fi\"}]}<\/script>\n<!-- \/ Yoast SEO plugin. -->","yoast_head_json":{"title":"Kuvagalleria - HRJ-Security OY","robots":{"index":"index","follow":"follow","max-snippet":"max-snippet:-1","max-image-preview":"max-image-preview:large","max-video-preview":"max-video-preview:-1"},"canonical":"https:\/\/hrj-security.fi\/index.php\/kuvagalleria\/","og_locale":"fi_FI","og_type":"article","og_title":"Kuvagalleria - HRJ-Security OY","og_description":"Kes\u00e4 2025 Ravintola Wonkamies Kes\u00e4 2025 Ravintola Wonkamies Kes\u00e4 2025 Kotas Ralli 50v JMK Kes\u00e4 2025 Camping Nyyss\u00e4nniemi Kes\u00e4 2025 Syksy 2025 Ravintola Wonkamies Ravintola Olkkari Syksy 2025 October Ravintola Olkkari (Isto Hiltunen) Syksy 2025","og_url":"https:\/\/hrj-security.fi\/index.php\/kuvagalleria\/","og_site_name":"HRJ-Security OY","article_publisher":"https:\/\/www.facebook.com\/p\/HRJ-Security-OY-61570346854232\/","article_modified_time":"2025-10-13T14:15:43+00:00","og_image":[{"width":1200,"height":1600,"url":"https:\/\/hrj-security.fi\/wp-content\/uploads\/2025\/09\/IMG-20250531-WA0009-1.jpg","type":"image\/jpeg"}],"twitter_card":"summary_large_image","twitter_misc":{"Arvioitu lukuaika":"3 minuuttia"},"schema":{"@context":"https:\/\/schema.org","@graph":[{"@type":"WebPage","@id":"https:\/\/hrj-security.fi\/index.php\/kuvagalleria\/","url":"https:\/\/hrj-security.fi\/index.php\/kuvagalleria\/","name":"Kuvagalleria - HRJ-Security OY","isPartOf":{"@id":"https:\/\/hrj-security.fi\/#website"},"primaryImageOfPage":{"@id":"https:\/\/hrj-security.fi\/index.php\/kuvagalleria\/#primaryimage"},"image":{"@id":"https:\/\/hrj-security.fi\/index.php\/kuvagalleria\/#primaryimage"},"thumbnailUrl":"https:\/\/hrj-security.fi\/wp-content\/uploads\/2025\/09\/IMG-20250531-WA0009-1-768x1024.jpg","datePublished":"2025-08-18T06:37:20+00:00","dateModified":"2025-10-13T14:15:43+00:00","breadcrumb":{"@id":"https:\/\/hrj-security.fi\/index.php\/kuvagalleria\/#breadcrumb"},"inLanguage":"fi","potentialAction":[{"@type":"ReadAction","target":["https:\/\/hrj-security.fi\/index.php\/kuvagalleria\/"]}]},{"@type":"ImageObject","inLanguage":"fi","@id":"https:\/\/hrj-security.fi\/index.php\/kuvagalleria\/#primaryimage","url":"https:\/\/hrj-security.fi\/wp-content\/uploads\/2025\/09\/IMG-20250531-WA0009-1.jpg","contentUrl":"https:\/\/hrj-security.fi\/wp-content\/uploads\/2025\/09\/IMG-20250531-WA0009-1.jpg","width":1200,"height":1600},{"@type":"BreadcrumbList","@id":"https:\/\/hrj-security.fi\/index.php\/kuvagalleria\/#breadcrumb","itemListElement":[{"@type":"ListItem","position":1,"name":"Etusivu","item":"https:\/\/hrj-security.fi\/"},{"@type":"ListItem","position":2,"name":"Kuvagalleria"}]},{"@type":"WebSite","@id":"https:\/\/hrj-security.fi\/#website","url":"https:\/\/hrj-security.fi\/","name":"HRJ-Security OY","description":"J\u00e4rjestyksenvalvonta palvelut","potentialAction":[{"@type":"SearchAction","target":{"@type":"EntryPoint","urlTemplate":"https:\/\/hrj-security.fi\/?s={search_term_string}"},"query-input":{"@type":"PropertyValueSpecification","valueRequired":true,"valueName":"search_term_string"}}],"inLanguage":"fi"}]}},"_links":{"self":[{"href":"https:\/\/hrj-security.fi\/index.php\/wp-json\/wp\/v2\/pages\/74","targetHints":{"allow":["GET"]}}],"collection":[{"href":"https:\/\/hrj-security.fi\/index.php\/wp-json\/wp\/v2\/pages"}],"about":[{"href":"https:\/\/hrj-security.fi\/index.php\/wp-json\/wp\/v2\/types\/page"}],"author":[{"embeddable":true,"href":"https:\/\/hrj-security.fi\/index.php\/wp-json\/wp\/v2\/users\/2"}],"replies":[{"embeddable":true,"href":"https:\/\/hrj-security.fi\/index.php\/wp-json\/wp\/v2\/comments?post=74"}],"version-history":[{"count":10,"href":"https:\/\/hrj-security.fi\/index.php\/wp-json\/wp\/v2\/pages\/74\/revisions"}],"predecessor-version":[{"id":178,"href":"https:\/\/hrj-security.fi\/index.php\/wp-json\/wp\/v2\/pages\/74\/revisions\/178"}],"wp:attachment":[{"href":"https:\/\/hrj-security.fi\/index.php\/wp-json\/wp\/v2\/media?parent=74"}],"curies":[{"name":"wp","href":"https:\/\/api.w.org\/{rel}","templated":true}]}}